u, -b + 2*i - 4*i = -38. Suppose -15 = -t + b. List the prime factors of t.
5, 11
Let a = -2416 + 6143. List the prime factors of a.
3727
Let j be 77/308 - (0 - 1087/4). Let o be 62/22 - (-6)/33. List the prime factors of j/o*9/6.
2, 17
Let p = -1825 + 2821. List the prime factors of p.
2, 3, 83
Let a = 302 + -158. Let y = a - -73. What are the prime factors of y?
7, 31
Suppose -3*g + 1015 = 115. Let x = -168 + g. What are the prime factors of x?
2, 3, 11
Let u(d) = d - 1. Let f(o) = -5*o**3 - 7*o**2 + 18*o - 36. Let i(k) = -f(k) + 4*u(k). What are the prime factors of i(4)?
2, 3, 17
Suppose 4*o - 3*s - 9046 = 0, 32*o - 27*o = 5*s + 11305. What are the prime factors of o?
31, 73
Let k(p) = -310*p + 682. What are the prime factors of k(-17)?
2, 3, 31
Let n(z) = z - 10. Let m be n(9). Let a = m + 8. Let l = a + 5. List the prime factors of l.
2, 3
Suppose 62*l = -24*l + 244928. List the prime factors of l.
2, 89
Suppose 140*n = 12*n + 3164032. List the prime factors of n.
19, 1301
Suppose 2*h + 4*c - 11 = -35, 3*h + 5*c + 32 = 0. Let z(d) be the first derivative of d**3/3 + 2*d**2 + 2*d + 310. What are the prime factors of z(h)?
2
Let v(c) = -23*c**3 + c**2 + 4*c - 61. List the prime factors of v(-7).
47, 167
Let k(n) = 466*n**2 + 21*n - 51. What are the prime factors of k(-8)?
5, 31, 191
Suppose -v = 4*h - 81042, -48562 = -5*h - 3*v + 52751. List the prime factors of h.
3, 2251
Let x(c) = -c - 12. Let n be x(-7). Let a = n + 27. Suppose 0 = 4*j + 2*g - a, 0*j - 2*j + 3*g = -23. List the prime factors of j.
7
Suppose 22*t = 5*h + 18*t + 4626, -1828 = 2*h + 4*t. List the prime factors of -4 - ((-2 - 3) + h).
13, 71
Suppose -4*u + 40 = 6*u. Suppose 5*q = u*h - 4844, 4*h - q + 3*q - 4844 = 0. What are the prime factors of h?
7, 173
Suppose -3*g + 113 = -2*y, -4*y - 3*g = -0*g + 217. Let z = 55 + y. Suppose 9*c - 836 - 622 = z. What are the prime factors of c?
2, 3
Let g be (-2)/6 + 5/(60/52). Suppose 0 = 5*u - 5*i - 95, -g*u + 1 = 3*i - 75. List the prime factors of u.
19
Let w be ((-9)/(-6))/((-2)/4). List the prime factors of (w/(-2)*-3)/((-33)/1892).
2, 3, 43
Suppose a = 4*l - 0*a - 16, -5*a - 20 = -5*l. Suppose -2*t + 5*t + 3*r = 1029, l*t = -r + 1384. List the prime factors of t.
347
Let u = 155 + -260. Let j be 18/18*(-205 + 2 + 1). Let f = u - j. What are the prime factors of f?
97
Let n(q) = -2585 - 64*q + 2620 + 12*q. What are the prime factors of n(-5)?
5, 59
Suppose 5*c = 12*r - 21*r + 8166, -c - 2730 = -3*r. List the prime factors of r.
3, 101
Suppose -2*n = q + 806, -2*q - 2*n - 1086 = 518. Let c = -769 - q. What are the prime factors of c?
29
Let o(k) = k**2 - 12*k - 25. Let p be o(14). Suppose g = -5*t + 18, 4*t = -3*g + 51 + p. List the prime factors of ((-4)/10)/(g/(-6300)).
2, 5, 7
Suppose -a - 6018 = -2*r + 4034, 2*r + a = 10056. List the prime factors of r.
11, 457
Let g(j) = 2*j - 8. Let b be g(5). Suppose 0 = -9*p - b*p + 2475. What are the prime factors of p?
3, 5
Suppose -26 = 5*p - i, 3*i - 3 = 5*p + 15. Let s be (p/(-18))/((-2)/(-18)). Suppose 38 = 2*a + s*n - 6*n, -12 = -3*n. List the prime factors of a.
5
List the prime factors of 314/(-8)*-2*(-15)/((-30)/4).
157
Let q(n) be the first derivative of n**2/2 - 14*n + 4. Let l be q(26). Suppose -29*y + l*y + 2278 = 0. List the prime factors of y.
2, 67
Let b(p) = 1821*p - 1981. List the prime factors of b(6).
5, 1789
Suppose 2*i + 4*x - 1870 = -88, 2691 = 3*i - 3*x. Suppose 3*r - i = 908. What are the prime factors of r?
601
Suppose 856186 - 2904951 - 2208664 = -187*z. List the prime factors of z.
3, 7589
Let c(t) = -t**3 + 14*t**2 + 12*t + 49. Let w be c(15). Let b(n) = -n + 15. List the prime factors of b(w).
11
Let n be 3/1*(-14)/(-6). Suppose -3*c - 1 = -n. Suppose -a - 876 = -5*y + 2*a, -c*a + 6 = 0. List the prime factors of y.
3, 59
Let m = 91 + 29. Suppose -116 = -2*a - 3*u + 2*u, -2*a + m = -u. List the prime factors of a.
59
Let r = -13505 - -20526. What are the prime factors of r?
7, 17, 59
Let f = 11 + 268. Suppose k + 2*k - f = 0. Let t = k + -15. What are the prime factors of t?
2, 3, 13
Let w = 1001 + -999. Let v(z) = -z**3 + 14*z**2 - 12*z - 9. Let s be v(13). Suppose -t + 248 = s*g, 0 = w*t - g - 2*g - 507. List the prime factors of t.
2, 3, 7
Let v = 15623 + 6056. List the prime factors of v.
7, 19, 163
Let k(r) = -r + 1. Let q(n) = -2*n + 2. Let s(u) = -13*k(u) + 6*q(u). Let j be s(14). Suppose -j - 2 = -g. List the prime factors of g.
3, 5
Let t = -7 + 12. Let w = 6503 + -6503. Suppose -t*s + 878 = -w*c + 2*c, 2*s - 2*c = 354. List the prime factors of s.
2, 11
Suppose 0*f - i + 73 = 4*f, 98 = 5*f - i. Suppose -f*n - 428 = -20*n. List the prime factors of n.
2, 107
Let o(t) = 12*t + 3. Let q be o(-1). Let f(j) = -j - 20. Let h be f(q). What are the prime factors of (761/h)/(-1) - (-62)/(-341)?
3, 23
Let x(d) = d**2 + 6*d + 5. Let l = -22 - -16. Let u be x(l). List the prime factors of (-6)/(-9)*(216 + (-15)/u).
2, 71
Let w be (6 - 4)*3/2. Suppose -3*c = 2*c + 20, -2*z + 596 = w*c. What are the prime factors of -1 - z/4*-1?
3, 5
Let u = -422 - 100. Let r = u + 1674. Suppose 6*a = 12*a - r. List the prime factors of a.
2, 3
Let f(x) = 2*x**2 + 49*x + 135. What are the prime factors of f(32)?
11, 31
Suppose -6*z = 70 - 22, 0 = 2*b + 3*z - 10200. List the prime factors of b.
2, 3, 71
Suppose 4339707 - 167460 = 131*d - 235903. List the prime factors of d.
2, 5, 673
Suppose -14*h + 56229 + 196849 = 0. List the prime factors of h.
18077
Suppose 99*b - 48910 = 283395 - 44908. What are the prime factors of b?
2903
Let j(r) be the third derivative of 7/12*r**6 + 0*r**4 - 1/60*r**5 + 13*r**2 + 0*r + 0 + 1/6*r**3. What are the prime factors of j(1)?
2, 5, 7
Let k(q) be the second derivative of -q**5/20 + 11*q**4/6 - 23*q**3/6 + 25*q**2 + 93*q. List the prime factors of k(21).
2
Suppose 3*r - 138 = 48. Suppose -4*j + r = 2*c, -5*j + 4*c - c + 83 = 0. List the prime factors of (j/(-5))/((-2)/35) - 2.
2, 3
Let d = 118 + -299. Let b = 132 - d. List the prime factors of b.
313
Let v = -370 - -372. What are the prime factors of (-161*v/(-35))/(2/10)?
2, 23
Let g = 1162 + -522. Suppose 0 = -6*m + 4*m + 4*n + g, 5*n = 2*m - 643. What are the prime factors of m?
2, 157
What are the prime factors of 37/(629/96033) - (-3 - 2/(-1))?
2, 5, 113
Suppose 0 = -229*x + 6042021 + 1195066. List the prime factors of x.
11, 13, 17
What are the prime factors of ((2/(-3))/((-6)/(-116238)))/((-474)/711)?
19373
What are the prime factors of 2/6 + 3181584/612?
3, 1733
Let l(o) = -3*o - 10. Let q(c) = 7*c + 20. Let b(d) = 5*l(d) + 2*q(d). Let v be b(-16). Let g(m) = m**2 + 8*m - 8. What are the prime factors of g(v)?
2, 19
Suppose 2*h - 72 = -h. Let c be 4/(-14) - h/14 - -2. Suppose -f - 2*v + 20 = 0, 3*f + c*f = 4*v + 50. List the prime factors of f.
2, 3
Suppose 5*q = 4*q - 4*s + 59032, -q + s = -59032. What are the prime factors of q?
2, 47, 157
Suppose -15*w + 11*w - 1048 = 0. Let d = 536 - w. List the prime factors of d.
2, 3, 7, 19
Suppose 3*o + 9*p - 51374 = 11*p, 5*o - 85618 = 2*p. List the prime factors of o.
2, 7, 1223
Suppose -2142*f + 2115*f = -346356. What are the prime factors of f?
2, 3, 1069
Suppose -522 = 12*g - 10122. Let o = g - 566. What are the prime factors of o?
2, 3, 13
Suppose -27*o - 80 = -23*o. Let a be (2 + o/6)*-3. Suppose 0*b - 8 = -a*b. What are the prime factors of b?
2
Suppose -2*v - 30 = 2*n, -v = 5*n + 3*v + 79. Let t = n - -49. Suppose 4*j = -a + t + 26, -4*a + 5*j = -266. What are the prime factors of a?
2
Suppose 3*b + 13 = -4*j - 0, 2*b = 4*j - 42. Let p(d) = d**2 + 10*d - 11. Let k be p(b). What are the prime factors of 30 + (k - -3) + -1 + -1?
31
Let z(p) = 8*p - 16. Suppose 0 = 2*q + 3*u - 29, -3*q = -6*q + u + 38. Let i be z(q). Suppose b = 3*b - i. List the prime factors of b.
2, 11
Suppose -3 = 3*b, 340 = 3*r - 5*b - 43. Suppose 7*g + r = 6*g. Let w = -69 - g. List the prime factors of w.
3, 19
Let b be (-5)/4 + 6/120*5. Let g be (-1 - 55/25)/(b/30). Suppose 3*d + 288 = 3*f + 2*d, -f = 5*d - g. What are the prime factors of f?
2, 3
Let m be (-18 - -15)/((-9)/(-2202)). Let l = 760 + m. List the prime factors of l.
2, 13
Let j(c) = c**2 + 2*c + 14. Suppose -2*d + 2*s + 3*s = 9, 1 = -3*d + 5*s. Suppose d*a = 14*a + 42. What are the prime factors of